common factor of h and 5?
5
Suppose y = -3*m + 40, -8 = m - 3*m + 4*y. What is the greatest common factor of 48 and m?
12
Suppose -4*q - 3 + 43 = 0. Calculate the greatest common divisor of q and 50.
10
Suppose 5*t = -10, -2*l = -6*l + t + 1014. Let i = -33 + 56. Calculate the greatest common factor of i and l.
23
Let y(u) = -u**3 - u**2 - 45. Let b be y(0). Suppose -3*q - 38 = 31. Let n = q - b. What is the greatest common factor of n and 11?
11
Let n be 8/(-6)*(-9)/(-2). Let x be 80/(-6)*9/n. Suppose 119 = 3*m - 121. Calculate the highest common factor of x and m.
20
Let k be ((-6)/4)/3*-2. Suppose 31 = 3*g - 4*h, 3*g + 5*h - k = 48. Calculate the highest common divisor of 39 and g.
13
Let k be 2*2*14/8. Suppose 5 = -22*b + 27. Calculate the highest common factor of k and b.
1
Let r be 3/3 - 2 - -18. Let o(d) = d**3 + 6*d**2 - d + 5. Let m be o(-5). Let c = r + m. What is the highest common factor of c and 13?
13
Let k be 54 + (0 - (-3 + 7)). What is the greatest common divisor of 125 and k?
25
Suppose 0*k = 4*k - 100. What is the greatest common divisor of k and 5?
5
Suppose -7*p - 155 = -2*p. Let o be (-2 - p) + (-2 - 0). What is the highest common factor of 18 and o?
9
Let a(p) = -2*p**3 - p**2 + p + 2. Suppose 5*n + 15 = -3*i - 1, 10 = -3*i - 2*n. Let g be a(i). Calculate the highest common divisor of g and 24.
12
Let n be (-1)/(-3 - -2*1). Let a(b) = -b**2 - 5*b - 3. Let d be a(-3). Let w be 57 - n - (d - 2). Calculate the greatest common factor of 5 and w.
5
Suppose -2*w + d + 81 = 0, w - 61 = 2*d - 19. What is the highest common divisor of 40 and w?
40
Let j(k) = k**3 + 5*k**2 - 3*k - 7. Let o = 0 + -5. Let v be j(o). Calculate the greatest common divisor of v and 56.
8
Let w(z) = -z**3 - z**2 + 14*z + 12. Let n be w(-6). What is the highest common divisor of n and 72?
36
Let n = -5 + 3. Let f be (-7)/(-2)*100/35. Let a = f + n. Calculate the greatest common divisor of a and 4.
4
Let t(c) = c**3 - 6*c**2 + 2. Let q be t(6). What is the greatest common divisor of 5 and q?
1
Let y = 3 - -17. Suppose -5*k - z = 2*z - 313, -317 = -5*k - 2*z. Let l = k - 15. Calculate the highest common divisor of y and l.
10
Let p(f) = f**2 - 5*f + 11. Let n be p(6). Calculate the greatest common factor of 34 and n.
17
Let t = -13 + 30. Let z = t - 16. Calculate the greatest common factor of z and 11.
1
Let q be (-740)/(-4) + (-20)/4. Calculate the highest common divisor of q and 6.
6
Suppose 39 = -2*t - 31. Let d(a) = 5*a + 3. Let g be d(-4). Let j = g - t. Calculate the highest common divisor of j and 2.
2
Let m(r) = 3*r + 3*r + 12*r**2 - 7*r**2 - 5*r. Let b be m(3). What is the highest common factor of b and 6?
6
Let a be (1 + 0)/(2/10). Calculate the greatest common divisor of a and 35.
5
Suppose 2*j - 4*j + 24 = 4*w, 4*j = 3*w - 18. Let k = 7 - w. What is the greatest common factor of k and 2?
1
Let p be (-1)/5 + 1086/30. Suppose 4*k = -b + 576, -3*b - 432 = -3*k + b. Calculate the greatest common factor of k and p.
36
Let k(p) = 7*p**2 - 4*p - 3. Let x be k(-1). Suppose h - 1 = -0*h. What is the greatest common divisor of h and x?
1
Let y = -170 - -454. Let x = y + -186. What is the greatest common divisor of x and 14?
14
Suppose 0 = -4*z - 3*w + 164, 0*z - 5*z = 4*w - 204. Calculate the highest common factor of z and 11.
11
Let g be 0 + (1 - 2) + 18. Let n(w) be the third derivative of w**5/20 + w**4/8 - w**3/6 - w**2. Let u be n(-3). Calculate the highest common factor of g and u.
17
Suppose -1 = r - 5. Suppose -r*b - 60 = 136. Let l = 70 + b. Calculate the highest common factor of l and 3.
3
Suppose -5*g = 4*o + 3, -g - 3 = -o + 3*o. Let i(r) = 12*r**3 - 2*r**2 + 2*r - 1. Let m be i(1). Calculate the highest common divisor of g and m.
1
Let c(v) = v**3 - 11*v**2 - 10*v - 6. Let z be c(12). What is the highest common factor of 3 and z?
3
Suppose q + 4*a = -q + 56, q + 3*a = 28. Let y be -1 - -5 - (-2 + (-1 - -3)). Calculate the highest common divisor of y and q.
4
Suppose -2*h - h = -9. Suppose 6*a + 180 = 9*a. Suppose a = h*t - 9. Calculate the greatest common factor of t and 184.
23
Let o = -228 - -333. Calculate the highest common divisor of 21 and o.
21
Suppose -2*p = -8, -4*p = z - 0*z - 31. Suppose 15*v - z = 10*v. What is the highest common factor of 21 and v?
3
Let u(v) = 75*v**2. Let n be u(1). Suppose 3*x + p - 124 = -0*x, 5*x + 4*p - 216 = 0. Let l = n - x. Calculate the greatest common factor of l and 7.
7
Let i be 3*(42 + 2*-1). Suppose -r + i = 3*r. Suppose h + h - r = 0. What is the highest common divisor of h and 105?
15
Suppose -4*x + 3 = -29. Let z = 130 - 126. What is the highest common divisor of z and x?
4
Suppose -3*m + 0*m + 24 = 0. Suppose 49 = 3*l - 71. What is the highest common factor of l and m?
8
Suppose p + 4*p - 580 = 0. Let h = 171 - p. What is the highest common divisor of h and 5?
5
Let r(v) = v + v**2 + 4 + 3 - 1. Suppose n = -n - m + 2, -m = -4*n - 2. Let s be r(n). What is the highest common divisor of s and 54?
6
Let p = -13 - -43. Suppose 4*d - p = 22. What is the greatest common divisor of 91 and d?
13
Let v = 433 + -298. Let h(w) = -w + 33. Let d be h(0). Suppose 3*s - 51 = -0*s - 2*l, 2*s + l = d. Calculate the greatest common factor of v and s.
15
Let p(c) = -c**2 - 12*c - 14. Let l be p(-10). Suppose -2*o + 2 = -l, 0 = -u + o + 136. What is the highest common divisor of u and 28?
28
Suppose -10 = -2*r, 2*q - q = -2*r + 34. Let n = -25 - -61. Calculate the highest common divisor of q and n.
12
Let p = 20 + -9. Let f = 105 + 16. What is the highest common factor of f and p?
11
Let t = -6 - -20. Let z = -4 + t. Calculate the highest common factor of 10 and z.
10
Let r be (-6)/(-4 + 1) + 5. Let i = r - 4. Let j(d) = d**3 + 6*d**2 - 2*d + 3. Let x be j(-6). Calculate the highest common divisor of i and x.
3
Suppose 2*v - 3*o = 7, v + v = 2*o + 4. Let c be 22/(-2) + (v - -4). Let b be 7 + c - 1*-31. What is the greatest common factor of b and 15?
15
Suppose 0 = 6*t + t - 693. Calculate the highest common divisor of t and 9.
9
Let h = -14 - -17. What is the highest common factor of h and 12?
3
Let y = -45 - -56. Calculate the highest common factor of 187 and y.
11
Let t(k) = -k**3 - k**2 - 1. Let d be t(-2). Suppose d*b + 4*c - 33 = 0, 3*b - 43 = c - 10. Calculate the greatest common factor of b and 77.
11
Let t be 2/4 - (-22)/4. Let p be (-10)/4*6/5. Let g(r) = 3*r**2 + 3*r - 3. Let a be g(p). What is the greatest common factor of a and t?
3
Let j(i) = i**3 + 13*i**2 + 9*i + 2. Let b be j(-12). Calculate the highest common factor of b and 38.
38
Suppose 4*u - 440 = -u. Calculate the greatest common divisor of u and 11.
11
Let h(m) = m**3 - 4*m**2 + 2*m + 2. Let f be h(3). Let b be (33/(-9))/(f/12). What is the highest common factor of 11 and b?
11
Let r = 26 + -36. Let c = 20 + r. What is the greatest common divisor of 80 and c?
10
Let m be (-416)/(-7) + 52/91. Calculate the greatest common divisor of 15 and m.
15
Suppose t - 6*t + 10 = 0. Suppose t*f = 169 - 1. What is the highest common factor of 56 and f?
28
Let p be ((-80)/6)/((-6)/9). Calculate the greatest common divisor of 220 and p.
20
Let t(p) = -6*p - 4. Let o be t(-4). Let c = 28 - o. Let m be 10/(3 + -5) + 77. Calculate the greatest common factor of m and c.
8
Let y(w) = 14 - 14 + 4*w. Let s be y(-4). Let x = s + 51. What is the highest common divisor of 14 and x?
7
Let b(m) = 2*m**2 - 8*m + 4. Let j be b(6). What is the greatest common factor of 14 and j?
14
Let c = 13 + -13. Suppose c*r = -4*r + 540. Calculate the highest common divisor of 27 and r.
27
Let u be (-17)/(-2) + 3/(-2). Let m(y) = 8*y**2 - y. Let p be m(-1). Let g = 5 + p. Calculate the greatest common divisor of g and u.
7
Let i = 4 - -52. Suppose -5*v = 3*a - 96, 4*a + 19 + i = 3*v. Let r be ((-14)/10)/((-2)/10). Calculate the greatest common factor of r and v.
7
Suppose -4*v + 90 = v. Calculate the greatest common factor of 162 and v.
18
Let y(p) = -p**2 - 10*p - 3. Let o be y(-7). What is the greatest common divisor of 198 and o?
18
Let t = 7 - -2. What is the highest common factor of t and 9?
9
Suppose 2*a + 14 = -m, -6*a + 3*a + 5*m = 21. Let i(q) = -q. Let r be i(a). Calculate the highest common divisor of 21 and r.
7
Let l = -9 + 7. Let v be -6*(15/9 + l). Calculate the h